ivided by 437?
425
Calculate the remainder when 1129441 is divided by 14.
5
What is the remainder when 315264 is divided by 522?
498
Calculate the remainder when 10072170 is divided by 217.
115
What is the remainder when 5217472 is divided by 4791?
73
What is the remainder when 161220 is divided by 1109?
415
What is the remainder when 21596092 is divided by 26?
24
Calculate the remainder when 2215067 is divided by 54.
41
What is the remainder when 53051825 is divided by 41?
39
What is the remainder when 928763 is divided by 5049?
4796
What is the remainder when 2249715 is divided by 35151?
51
Calculate the remainder when 65697 is divided by 47.
38
Calculate the remainder when 204840601 is divided by 215.
211
Calculate the remainder when 124421 is divided by 2501.
1872
What is the remainder when 2033852 is divided by 216?
212
What is the remainder when 467153 is divided by 6673?
43
Calculate the remainder when 179681 is divided by 274.
211
Calculate the remainder when 136231197 is divided by 28.
25
What is the remainder when 88351395 is divided by 6889?
6859
Calculate the remainder when 3243 is divided by 505.
213
What is the remainder when 336784 is divided by 282?
76
What is the remainder when 3500661 is divided by 844?
593
What is the remainder when 1104233 is divided by 508?
349
What is the remainder when 523843 is divided by 173?
172
What is the remainder when 12711057 is divided by 82?
73
Calculate the remainder when 20717 is divided by 807.
542
Calculate the remainder when 104912 is divided by 254.
10
What is the remainder when 82583 is divided by 3968?
3223
Calculate the remainder when 718664 is divided by 191.
122
Calculate the remainder when 42218309 is divided by 42218303.
6
Calculate the remainder when 13409396 is divided by 147.
56
What is the remainder when 305757349 is divided by 236?
233
Calculate the remainder when 267583 is divided by 74.
73
What is the remainder when 177138 is divided by 66?
60
What is the remainder when 150767 is divided by 5795?
97
Calculate the remainder when 36458 is divided by 17633.
1192
Calculate the remainder when 310328 is divided by 44314.
130
Calculate the remainder when 2958586 is divided by 6724.
26
Calculate the remainder when 2133831850 is divided by 3542.
3538
Calculate the remainder when 235518 is divided by 117758.
2
Calculate the remainder when 746891 is divided by 3491.
3308
What is the remainder when 694206 is divided by 53394?
84
Calculate the remainder when 154495 is divided by 1679.
27
Calculate the remainder when 925777 is divided by 5895.
262
Calculate the remainder when 1187894 is divided by 923.
916
Calculate the remainder when 441072 is divided by 440.
192
What is the remainder when 46014603 is divided by 5112733?
6
What is the remainder when 5800 is divided by 1107?
265
What is the remainder when 2049263 is divided by 144?
143
What is the remainder when 390983 is divided by 11?
10
What is the remainder when 8499537 is divided by 147?
144
What is the remainder when 337523998 is divided by 550?
548
What is the remainder when 6320804 is divided by 632070?
104
What is the remainder when 3382631 is divided by 691?
186
What is the remainder when 76170 is divided by 886?
860
Calculate the remainder when 39359 is divided by 5450.
1209
What is the remainder when 2804 is divided by 2294?
510
Calculate the remainder when 50691 is divided by 1960.
1691
What is the remainder when 939660 is divided by 37?
8
What is the remainder when 33437996 is divided by 340?
16
What is the remainder when 378556454 is divided by 545?
544
Calculate the remainder when 1053789 is divided by 2155.
2149
What is the remainder when 443355810 is divided by 221677904?
2
Calculate the remainder when 24906 is divided by 5867.
1438
Calculate the remainder when 41256430 is divided by 588.
586
What is the remainder when 25644 is divided by 25317?
327
What is the remainder when 13601237 is divided by 430?
337
What is the remainder when 11246 is divided by 101?
35
What is the remainder when 6499998 is divided by 722182?
360
Calculate the remainder when 5618477 is divided by 1264.
1261
Calculate the remainder when 1846194 is divided by 425.
419
Calculate the remainder when 56712496 is divided by 3125.
3121
Calculate the remainder when 546156 is divided by 1890.
1836
What is the remainder when 2637587 is divided by 659353?
175
Calculate the remainder when 44186 is divided by 20170.
3846
Calculate the remainder when 13875015 is divided by 6304.
6215
Calculate the remainder when 383447 is divided by 127663.
458
What is the remainder when 119662 is divided by 348?
298
What is the remainder when 892690 is divided by 23?
14
What is the remainder when 880161 is divided by 80?
1
What is the remainder when 58075 is divided by 3201?
457
Calculate the remainder when 73681 is divided by 1006.
243
Calculate the remainder when 59124 is divided by 54090.
5034
What is the remainder when 686177 is divided by 9664?
33
What is the remainder when 761389105 is divided by 4141?
4140
Calculate the remainder when 1396378 is divided by 230.
48
Calculate the remainder when 26413096 is divided by 242.
6
Calculate the remainder when 1733797 is divided by 492.
481
What is the remainder when 5864048 is divided by 1954652?
92
What is the remainder when 1140673 is divided by 1552?
1505
Calculate the remainder when 11823381 is divided by 292.
9
What is the remainder when 32513347 is divided by 1877?
1830
What is the remainder when 51720330 is divided by 1823?
1820
What is the remainder when 315159 is divided by 258?
141
Calculate the remainder when 20381 is divided by 277.
160
Calculate the remainder when 25413 is divided by 4733.
1748
What is the remainder when 440773866 is divided by 3696?
3690
Calculate the remainder when 7678950 is divided by 60944.
6
Calculate the remainder when 112732 is divided by 532.
480
Calculate the remainder when 540683 is divided by 1535.
363
Calculate the remainder when 2986640 is divided by 303.
272
What is the remainder when 3282256 is divided by 245?
236
Calculate the remainder when 33959 is divided by 33896.
63
What is the remainder when 8782131 is divided by 39?
33
Calculate the remainder when 89802 is divided by 17266.
3472
What is the remainder when 57641 is divided by 5713?
511
What is the remainder when 110889 is divided by 15549?
2046
What is the remainder when 3485298 is divided by 562?
336
What is the remainder when 47627042 is divided by 18?
14
Calculate the remainder when 170639 is divided by 18940.
179
What is the remainder when 4314914 is divided by 1046?
164
Calculate the remainder when 1793854 is divided by 483.
475
Calculate the remainder when 8401 is divided by 567.
463
Calculate the remainder when 54133 is divided by 17279.
2296
Calculate the remainder when 18962815 is divided by 141.
7
What is the remainder when 778770 is divided by 12971?
510
What is the remainder when 30650 is divided by 30627?
23
What is the remainder when 2460429 is divided by 332?
309
What is the remainder when 76723828 is divided by 2085?
2083
What is the remainder when 109064 is divided by 1097?
461
Calculate the remainder when 36662285 is divided by 2659.
2652
What is the remainder when 129196 is divided by 2506?
1390
Calculate the remainder when 1643645 is divided by 821391.
863
Calculate the remainder when 1723021 is divided by 3949.
1257
Calculate the remainder when 2792568 is divided by 117.
12
What is the remainder when 201791 is divided by 201761?
30
Calculate the remainder when 335880 is divided by 9349.
8665
What is the remainder when 34932106 is divided by 60646?
10
What is the remainder when 29690765 is divided by 187?
27
What is the remainder when 1120432 is divided by 2774?
2510
What is the remainder when 1023483 is divided by 228?
219
Calculate the remainder when 26063626 is divided by 179.
152
Calculate the remainder when 69579098 is divided by 100.
98
What is the remainder when 19308 is divided by 438?
36
Calculate the remainder when 57906 is divided by 18566.
2208
Calculate the remainder when 54880 is divided by 27199.
482
Calculate the remainder when 56939 is divided by 10208.
5899
Calculate the remainder when 3464887 is divided by 3464850.
37
What is the remainder when 42857 is divided by 344?
201
Calculate 